 + -14520?
-14472
In base 2, what is -101100011000010 + 110011000111?
-100101111111011
In base 12, what is -11a7 - 4635?
-5820
In base 9, what is 4860024 + -58?
4858855
In base 13, what is -1b7ca4 + 3?
-1b7ca1
In base 10, what is -73516 + -653?
-74169
In base 12, what is -294ba + 4a2?
-29018
In base 4, what is -32333312101 + -10?
-32333312111
In base 5, what is 0 + 31222442234?
31222442234
In base 9, what is -1153172 - 55?
-1153237
In base 13, what is -1361 - 49c76?
-4b307
In base 14, what is -79 + -c4729?
-c47a4
In base 3, what is -11222 - -1000120211?
1000101212
In base 7, what is -1260633056 + -3?
-1260633062
In base 2, what is 1101011 + 1010011101100011?
1010011111001110
In base 9, what is -266428 - -52?
-266366
In base 12, what is -24302 - 9a?
-243a0
In base 13, what is -294 + 473b?
4477
In base 13, what is 7 - -133995c?
1339966
In base 12, what is 1 - -11729999?
1172999a
In base 16, what is 1a92f + 25?
1a954
In base 13, what is 99bc - 25c?
9760
In base 5, what is 3 + -20104102442?
-20104102434
In base 11, what is 724 + -111350?
-110727
In base 15, what is -3 + 1274940?
127493c
In base 16, what is -556 + 1622?
10cc
In base 11, what is 1488a04 + -11?
14889a3
In base 13, what is 6a11971 - 2?
6a1196c
In base 10, what is 188135 - -2674?
190809
In base 13, what is -4 + -5cb98b?
-5cb992
In base 3, what is 102021 + 1210112120111?
1210112222202
In base 16, what is 7e4 - 59?
78b
In base 12, what is -2253367 + 16?
-2253351
In base 13, what is -6b1496a1 + -3?
-6b1496a4
In base 4, what is 1033320322 - 2030?
1033312232
In base 9, what is -4 - 58483077?
-58483082
In base 8, what is -257377 - 112?
-257511
In base 13, what is 5b5 + -16b9?
-1104
In base 11, what is 21314 + 47?
21360
In base 15, what is 357a6 + 24?
357ca
In base 10, what is -2415 - -103459?
101044
In base 12, what is -4 + -75b510?
-75b514
In base 6, what is 5 - 531340443?
-531340434
In base 3, what is -10201111211 + -1202?
-10201120120
In base 15, what is -105 - b3869?
-b396e
In base 14, what is 2 - -1666a5?
1666a7
In base 16, what is -51 + 236d2?
23681
In base 5, what is -210 + 130023232?
130023022
In base 2, what is 1001011 + -110001101011111?
-110001100010100
In base 2, what is 1101000 - -100111011010101001?
100111011100010001
In base 5, what is 41 + 124302221?
124302312
In base 11, what is 2277a200 - 6?
2277a1a5
In base 11, what is 1 - -2852374?
2852375
In base 8, what is 14644446061 - 2?
14644446057
In base 10, what is -1 - -8714201?
8714200
In base 9, what is 4021860 + 60?
4022030
In base 8, what is -16 - 40135060?
-40135076
In base 9, what is -4 - -60575672?
60575667
In base 6, what is -5514033 - 40?
-5514113
In base 14, what is 23d7bb + -34?
23d787
In base 2, what is -100 + 11010111000001010001100?
11010111000001010001000
In base 14, what is -aa952 + 0?
-aa952
In base 7, what is -41 + 265052?
265011
In base 16, what is -4 + -104824d4?
-104824d8
In base 4, what is -2202311 + -1000111?
-3203022
In base 3, what is -10111100021 - 220010?
-10112020101
In base 16, what is -1092 + -161d0?
-17262
In base 13, what is -18ac - -6c0?
-11bc
In base 9, what is -1621 - -130600?
127868
In base 14, what is d - -663007?
663016
In base 6, what is 51314 - -1233?
52551
In base 13, what is -9155980 - 4?
-9155984
In base 3, what is -220200 + -2102012120?
-2110010020
In base 10, what is -4 - 19089146?
-19089150
In base 12, what is 3 + -5b546b8?
-5b546b5
In base 2, what is -10001000101011 - -1000000100010110?
101111011101011
In base 11, what is 2652 + 1517?
4069
In base 16, what is -255882 + 0?
-255882
In base 13, what is 3 - 113886a?
-1138867
In base 4, what is 0 - 3331303332311?
-3331303332311
In base 14, what is -5055 - 1966?
-69bb
In base 8, what is -1061676710 - 1?
-1061676711
In base 11, what is 59862061 + -19?
59862043
In base 8, what is -126365 + 26?
-126337
In base 7, what is -3 - 41022365?
-41022401
In base 12, what is 7 + 521583?
52158a
In base 11, what is -9 - 615684?
-615692
In base 13, what is 5 + 348144?
348149
In base 6, what is -33244134412 - -1?
-33244134411
In base 12, what is -8a1a2b4 + 1?
-8a1a2b3
In base 13, what is 12 + 4082943?
4082955
In base 14, what is -2aa35 + 351?
-2a6c4
In base 10, what is -10251850 - 5?
-10251855
In base 16, what is -4 + -1c77bd?
-1c77c1
In base 12, what is 822a + 268?
8496
In base 2, what is -111 - 110010111011010010011?
-110010111011010011010
In base 11, what is -2 + 1419726?
1419724
In base 4, what is -1010 - 2202222100?
-2202223110
In base 7, what is -1562542 + 133?
-1562406
In base 11, what is -21 + 218971?
218950
In base 16, what is 217493 + -4?
21748f
In base 2, what is 1100001101100101010101100010 + -1?
1100001101100101010101100001
In base 7, what is -4 - 10651432?
-10651436
In base 15, what is -b2ecd8 - 55?
-b2ed3d
In base 13, what is -1539bc - 38?
-153a27
In base 12, what is a800 - -297?
aa97
In base 15, what is 14b5c + -92?
14aba
In base 4, what is -13320131232210 + -10?
-13320131232220
In base 11, what is -9 + -562324?
-562332
In base 3, what is -211210 - -2002022111?
2001110201
In base 8, what is 11 + 41026425?
41026436
In base 10, what is 7 + -830905?
-830898
In base 15, what is b2 - 97c63?
-97ba1
In base 15, what is -499172 + -7?
-499179
In base 13, what is 37 + -bc868c?
-bc8655
In base 15, what is 2 - 228c5?
-228c3
In base 4, what is 20 + 120333122032?
120333122112
In base 3, what is 1002020200111002 - 0?
1002020200111002
In base 11, what is 3a678123 - -3?
3a678126
In base 11, what is 796 - -36455?
37140
In base 5, what is -202311 - -341023?
133212
In base 6, what is 3 - 111041540?
-111041533
In base 10, what is 3 - -5112591?
5112594
In base 2, what is -1001100 - -10110110100000110111?
10110110011111101011
In base 10, what is -2254 - -8329?
6075
In base 13, what is -2733a7 + -2b?
-273405
In base 14, what is 7 + -11a60d?
-11a606
In base 7, what is 11 - -4351234?
4351245
In base 12, what is 21339b353 - 4?
21339b34b
In base 2, what is 10101 - 11111011111001011?
-11111011110110110
In base 14, what is -565059 + -b?
-565066
In base 15, what is -6 - e7406a4?
-e7406aa
In base 9, what is 2 + 322582262?
322582264
In base 12, what is -569 + -8120?
-8689
In base 3, what is 210 + -122102100200200?
-122102100122220
In base 3, what is -10020000101 + -12220111?
-10102220212
In base 16, what is 4 + -c99495?
-c99491
In base 13, what is -4 - -12c538b2?
12c538ab
In base 16, what is -4 - -7c823a?
7c8236
In base 4, what is 1202220003 - -123?
1202220132
In base 12, what is 5414 + -832?
47a2
In base 15, what is 5 + 19065e?
190664
In base 12, what is -ab593 - 0?
-ab593
In base 10, what is 0 + -2367084?
-2367084
In base 10, what is -8 + -33312884?
-33312892
In base 13, what is -1 - -4a9636?
4a9635
In base 5, what is -20220043230 + -12?
-20220043242
In base 10, what is 1859735 + -159?
1859576
In base 2, what is 101101 + -11000111110000011000?
-11000111101111101011
In base 13, what is -53a - -8061b?
800b1
In base 2, what is -11100111 + 100111100010000000?
100111011110011001
In base 8, what is -142 - 13247770?
-13250132
In base 15, what is -300eb - -1b?
-300d0
In base 11, what is 10 - 12014112?
-12014102
In base 13, what is 2540 + 3543c?
3797c
In base 13, what is 1255 - -5102?
6357
In base 3, what is 1120201012000022 + 201?
1120201012001000
In base 11, what is -5a7 - -3161?
2665
In base 2, what is -1010 + 111111101100011010110011?
111111101100011010101001
In base 16, what is 1bc - 1889?
-16cd
In base 13, what is 5 + a9812?
a9817
In base 15, what is 385da + e1a?
39505
In base 12, what is -2114 + 774b?
5637
In base 2, what is 10010 + 1001010100001110001?
1001010100010000011
In base 11, what is 3 - -820a270?
820a273
In base 16, what is -420 - -cbab?
c78b
In base 6, what is 104121 + 25253?
133414
In base 12, what is 1119 - 68a?
64b
In base 15, what is 2 + ac4d95c?
ac4d95e
In base 7, what is -243366053 + 2?
-243366051
In base 11, what is 51 + 142597?
142638
In base 16, what is 5 - -3ee2cf?
3ee2d4
In base 2, what is -10001110000011111 + -1110010010000?
-10011100010101111
In base 15, what is -3 + -d0aa0?
-d0aa3
In base 14, what is 66 - 11a3100?
-11a3078
In base 9, what is 5 + 1415360?
1415365
In base 7, what is 2 - -52044534?
52044536
In base 3, what is -211200111202200021 + -2?
-211200111202200100
In base 11, what is -987136 + -27?
-987162
In base 12, what is 1baa - -22b5?